or of 290 and 6235.
145
What is the highest common divisor of 1593 and 27?
27
What is the highest common divisor of 912 and 532?
76
What is the greatest common factor of 884 and 85?
17
What is the highest common factor of 17 and 5?
1
Calculate the highest common divisor of 18 and 438.
6
Calculate the greatest common divisor of 162 and 2.
2
What is the highest common factor of 4030 and 910?
130
Calculate the highest common divisor of 23 and 25001.
23
What is the highest common divisor of 6 and 12?
6
What is the highest common factor of 6948 and 72?
36
Calculate the highest common factor of 7 and 448.
7
What is the greatest common divisor of 26 and 6331?
13
Calculate the highest common divisor of 34 and 156.
2
What is the highest common divisor of 15 and 345?
15
Calculate the highest common factor of 296 and 132.
4
What is the greatest common factor of 5 and 5?
5
Calculate the greatest common factor of 4080 and 16.
16
Calculate the greatest common factor of 529 and 23.
23
Calculate the greatest common factor of 836 and 8.
4
What is the highest common factor of 1260 and 7?
7
Calculate the greatest common factor of 18 and 558.
18
What is the highest common divisor of 266 and 6251?
133
Calculate the greatest common divisor of 33 and 803.
11
What is the greatest common factor of 5250 and 42?
42
What is the highest common divisor of 126 and 252?
126
Calculate the highest common factor of 180 and 1644.
12
Calculate the greatest common factor of 11557 and 13.
13
What is the greatest common factor of 14036 and 4?
4
Calculate the greatest common divisor of 728 and 4914.
182
What is the highest common divisor of 37 and 296?
37
What is the greatest common divisor of 32 and 1184?
32
Calculate the greatest common divisor of 20 and 24.
4
Calculate the highest common divisor of 676 and 182.
26
Calculate the highest common divisor of 19 and 1463.
19
Calculate the greatest common factor of 14 and 4886.
14
What is the greatest common factor of 39 and 93?
3
What is the highest common divisor of 4 and 292?
4
What is the greatest common factor of 495 and 594?
99
What is the greatest common factor of 21 and 2919?
21
Calculate the greatest common divisor of 20280 and 10.
10
Calculate the greatest common factor of 480 and 192.
96
What is the highest common divisor of 180 and 684?
36
Calculate the highest common divisor of 192 and 24.
24
Calculate the greatest common factor of 91 and 117.
13
What is the greatest common factor of 3349 and 197?
197
What is the highest common divisor of 8388 and 12?
12
What is the greatest common factor of 201 and 5226?
201
What is the highest common divisor of 98 and 42?
14
What is the greatest common factor of 1225 and 10?
5
What is the highest common factor of 888 and 264?
24
What is the greatest common factor of 440 and 120?
40
What is the greatest common divisor of 11072 and 865?
173
What is the highest common divisor of 2420 and 20?
20
Calculate the greatest common divisor of 123 and 14883.
123
Calculate the greatest common divisor of 196 and 7.
7
What is the highest common divisor of 90 and 3015?
45
Calculate the highest common factor of 350 and 1025.
25
What is the highest common factor of 1194 and 132?
6
What is the greatest common factor of 75 and 165?
15
What is the greatest common factor of 9540 and 106?
106
What is the greatest common factor of 30150 and 90?
90
What is the greatest common divisor of 15174 and 54?
54
What is the greatest common divisor of 2627 and 71?
71
What is the greatest common divisor of 534 and 6?
6
Calculate the greatest common divisor of 1211 and 28.
7
What is the highest common factor of 70 and 112?
14
Calculate the highest common factor of 70 and 245.
35
What is the greatest common factor of 19642 and 644?
322
What is the highest common divisor of 975 and 260?
65
What is the highest common divisor of 22644 and 148?
148
Calculate the highest common divisor of 4 and 324.
4
Calculate the highest common divisor of 14 and 322.
14
Calculate the greatest common divisor of 203 and 116.
29
Calculate the highest common factor of 78 and 143.
13
What is the greatest common factor of 1137 and 30?
3
What is the highest common divisor of 24 and 228?
12
Calculate the highest common divisor of 999 and 37.
37
Calculate the greatest common divisor of 37 and 592.
37
Calculate the highest common factor of 603 and 134.
67
Calculate the greatest common factor of 57 and 969.
57
What is the highest common factor of 148 and 1258?
74
What is the greatest common factor of 2 and 6866?
2
What is the greatest common divisor of 100 and 940?
20
What is the highest common divisor of 132 and 88?
44
Calculate the greatest common factor of 1076 and 96.
4
Calculate the highest common factor of 22500 and 720.
180
What is the greatest common factor of 108 and 243?
27
Calculate the highest common divisor of 221 and 51.
17
Calculate the greatest common divisor of 21 and 9.
3
Calculate the highest common divisor of 16 and 36.
4
Calculate the greatest common factor of 377 and 986.
29
What is the greatest common factor of 4636 and 1952?
244
What is the greatest common divisor of 6154 and 136?
34
What is the highest common divisor of 22 and 3179?
11
Calculate the highest common factor of 91 and 945.
7
What is the greatest common divisor of 5157 and 955?
191
What is the highest common factor of 6224 and 16?
16
Calculate the highest common factor of 96 and 36.
12
Calculate the highest common divisor of 518 and 1708.
14
Calculate the greatest common factor of 10 and 21560.
10
Calculate the highest common factor of 88 and 55.
11
What is the greatest common divisor of 1458 and 252?
18
Calculate the highest common divisor of 68 and 34.
34
What is the greatest common factor of 247 and 2483?
13
Calculate the highest common divisor of 112 and 259.
7
Calculate the greatest common divisor of 16 and 1256.
8
What is the highest common divisor of 288 and 48?
48
Calculate the greatest common factor of 609 and 348.
87
What is the highest common divisor of 4825 and 25?
25
What is the highest common divisor of 4480 and 112?
112
What is the highest common divisor of 30 and 414?
6
What is the greatest common factor of 902 and 82?
82
What is the greatest common factor of 27 and 702?
27
Calculate the highest common factor of 533 and 689.
13
Calculate the greatest common factor of 5 and 320.
5
Calculate the greatest common divisor of 285 and 114.
57
Calculate the highest common divisor of 123 and 205.
41
Calculate the highest common factor of 228 and 722.
38
Calculate the highest common divisor of 180 and 12.
12
What is the greatest common divisor of 2526 and 6?
6
What is the greatest common factor of 3810 and 45?
15
What is the highest common factor of 272 and 24?
8
Calculate the greatest common factor of 864 and 32.
32
What is the highest common factor of 5 and 2105?
5
Calculate the greatest common factor of 1420 and 20.
20
What is the greatest common divisor of 3665 and 10?
5
Calculate the greatest common divisor of 1349 and 57.
19
What is the highest common factor of 7932 and 24?
12
What is the highest common factor of 4267 and 3263?
251
What is the greatest common factor of 11849 and 123?
41
What is the highest common divisor of 46 and 4784?
46
What is the highest common factor of 5075 and 275?
25
What is the highest common factor of 2622 and 230?
46
What is the greatest common divisor of 48 and 60?
12
What is the highest common divisor of 14 and 4270?
14
Calculate the highest common divisor of 9156 and 84.
84
Calculate the highest common divisor of 448 and 11872.
224
What is the greatest common factor of 496 and 16?
16
What is the greatest common factor of 2 and 190?
2
Calculate the highest common factor of 117 and 3159.
117
What is the greatest common factor of 2728 and 88?
88
Calculate the highest common divisor of 178 and 2848.
178
What is the highest common divisor of 1823 and 4?
1
Calculate the highest common factor of 11107 and 29.
29
What is the highest common divisor of 325 and 125?
25
What is the greatest common factor of 195 and 4160?
65
Calculate the highest common divisor of 150 and 24.
6
Calculate the greatest common factor of 150 and 3675.
75
What is the highest common factor of 592 and 37?
37
What is the highest common factor of 100 and 250?
5